ate the remainder when 2331 is divided by 13.
4
What is the remainder when 702 is divided by 177?
171
Calculate the remainder when 10937 is divided by 36.
29
What is the remainder when 12581 is divided by 12085?
496
Calculate the remainder when 29584 is divided by 10.
4
What is the remainder when 120640 is divided by 120637?
3
What is the remainder when 5061 is divided by 237?
84
What is the remainder when 1199 is divided by 463?
273
What is the remainder when 21024 is divided by 1832?
872
Calculate the remainder when 745 is divided by 180.
25
Calculate the remainder when 1275730 is divided by 179.
176
Calculate the remainder when 8510 is divided by 668.
494
Calculate the remainder when 16745 is divided by 1673.
15
What is the remainder when 9289 is divided by 58?
9
Calculate the remainder when 316932 is divided by 31693.
2
Calculate the remainder when 249 is divided by 87.
75
Calculate the remainder when 6209 is divided by 885.
14
Calculate the remainder when 379 is divided by 120.
19
Calculate the remainder when 80124 is divided by 128.
124
Calculate the remainder when 4181 is divided by 3375.
806
What is the remainder when 332053 is divided by 110666?
55
What is the remainder when 1504 is divided by 226?
148
What is the remainder when 13668 is divided by 6828?
12
What is the remainder when 4046 is divided by 31?
16
What is the remainder when 142927 is divided by 360?
7
Calculate the remainder when 1295 is divided by 1243.
52
What is the remainder when 300277 is divided by 15804?
1
Calculate the remainder when 16987 is divided by 5615.
142
Calculate the remainder when 45765 is divided by 4570.
65
What is the remainder when 484350 is divided by 80724?
6
Calculate the remainder when 10253 is divided by 45.
38
What is the remainder when 10042 is divided by 32?
26
Calculate the remainder when 684 is divided by 46.
40
Calculate the remainder when 5935 is divided by 47.
13
Calculate the remainder when 199258 is divided by 15.
13
What is the remainder when 21896 is divided by 23?
0
Calculate the remainder when 115238 is divided by 10.
8
Calculate the remainder when 2542 is divided by 147.
43
What is the remainder when 645425 is divided by 74?
71
Calculate the remainder when 6866093 is divided by 1393.
1389
Calculate the remainder when 1100 is divided by 129.
68
What is the remainder when 1103065 is divided by 11?
7
Calculate the remainder when 78821 is divided by 19701.
17
What is the remainder when 59881 is divided by 499?
1
What is the remainder when 769208 is divided by 9?
5
What is the remainder when 130064 is divided by 130033?
31
What is the remainder when 1600 is divided by 31?
19
What is the remainder when 825 is divided by 275?
0
What is the remainder when 2899510 is divided by 792?
790
What is the remainder when 30184 is divided by 1586?
50
Calculate the remainder when 409080 is divided by 752.
744
Calculate the remainder when 2579 is divided by 358.
73
What is the remainder when 3078 is divided by 47?
23
Calculate the remainder when 1825 is divided by 1666.
159
Calculate the remainder when 30187 is divided by 6037.
2
Calculate the remainder when 32300 is divided by 4034.
28
Calculate the remainder when 1407 is divided by 663.
81
Calculate the remainder when 1936626 is divided by 248.
242
Calculate the remainder when 30535 is divided by 10153.
76
What is the remainder when 1332 is divided by 376?
204
What is the remainder when 66408 is divided by 179?
178
What is the remainder when 10103 is divided by 389?
378
What is the remainder when 82631 is divided by 388?
375
Calculate the remainder when 1147392 is divided by 996.
0
What is the remainder when 2433 is divided by 52?
41
Calculate the remainder when 515540 is divided by 66.
14
Calculate the remainder when 77460 is divided by 25806.
42
What is the remainder when 67895 is divided by 9?
8
What is the remainder when 1514737 is divided by 53?
50
What is the remainder when 200366 is divided by 89?
27
What is the remainder when 1732 is divided by 9?
4
What is the remainder when 480 is divided by 241?
239
What is the remainder when 213831 is divided by 11876?
63
Calculate the remainder when 3474 is divided by 205.
194
Calculate the remainder when 24255 is divided by 118.
65
Calculate the remainder when 3099 is divided by 566.
269
Calculate the remainder when 1674 is divided by 744.
186
Calculate the remainder when 36156 is divided by 769.
13
Calculate the remainder when 116591 is divided by 35.
6
What is the remainder when 4302 is divided by 5?
2
What is the remainder when 221412 is divided by 298?
296
Calculate the remainder when 49854 is divided by 58.
32
Calculate the remainder when 44548 is divided by 14801.
145
What is the remainder when 5403 is divided by 74?
1
Calculate the remainder when 3376 is divided by 1676.
24
What is the remainder when 292499 is divided by 45?
44
Calculate the remainder when 384 is divided by 188.
8
Calculate the remainder when 9605 is divided by 3136.
197
What is the remainder when 4308 is divided by 48?
36
What is the remainder when 11151 is divided by 34?
33
Calculate the remainder when 37802 is divided by 714.
674
What is the remainder when 680 is divided by 223?
11
Calculate the remainder when 47140 is divided by 21.
16
Calculate the remainder when 19171 is divided by 160.
131
Calculate the remainder when 15814316 is divided by 1641.
1640
What is the remainder when 1175 is divided by 1005?
170
Calculate the remainder when 20362 is divided by 78.
4
What is the remainder when 112177 is divided by 37?
30
What is the remainder when 193795 is divided by 44?
19
Calculate the remainder when 1602 is divided by 399.
6
Calculate the remainder when 9173 is divided by 4252.
669
What is the remainder when 108975 is divided by 392?
391
What is the remainder when 1645292 is divided by 34?
32
Calculate the remainder when 3386 is divided by 823.
94
Calculate the remainder when 2198 is divided by 42.
14
What is the remainder when 13320 is divided by 325?
320
Calculate the remainder when 1755 is divided by 757.
241
What is the remainder when 20124 is divided by 347?
345
What is the remainder when 488428 is divided by 206?
2
Calculate the remainder when 55843 is divided by 321.
310
What is the remainder when 13474 is divided by 1672?
98
What is the remainder when 2383 is divided by 282?
127
What is the remainder when 7015 is divided by 186?
133
Calculate the remainder when 188295 is divided by 37658.
5
What is the remainder when 173703 is divided by 262?
259
What is the remainder when 1691 is divided by 75?
41
Calculate the remainder when 9356 is divided by 89.
11
Calculate the remainder when 252711 is divided by 50539.
16
Calculate the remainder when 54747 is divided by 205.
12
Calculate the remainder when 28267 is divided by 14114.
39
Calculate the remainder when 125974 is divided by 174.
172
Calculate the remainder when 4389 is divided by 117.
60
What is the remainder when 41072 is divided by 632?
624
What is the remainder when 56341 is divided by 3521?
5
Calculate the remainder when 97869 is divided by 435.
429
What is the remainder when 884 is divided by 139?
50
What is the remainder when 47467 is divided by 286?
277
Calculate the remainder when 4614 is divided by 196.
106
What is the remainder when 10693 is divided by 5306?
81
What is the remainder when 330513 is divided by 266?
141
Calculate the remainder when 629884 is divided by 263.
262
Calculate the remainder when 5104 is divided by 570.
544
Calculate the remainder when 1467 is divided by 63.
18
Calculate the remainder when 71118 is divided by 247.
229
What is the remainder when 100308 is divided by 103?
89
What is the remainder when 5206 is divided by 1716?
58
Calculate the remainder when 92122 is divided by 108.
106
Calculate the remainder when 21858 is divided by 19.
8
Calculate the remainder when 151888 is divided by 700.
688
Calculate the remainder when 8620 is divided by 482.
426
Calculate the remainder when 65056 is divided by 33.
13
What is the remainder when 79702 is divided by 984?
982
Calculate the remainder when 3805 is divided by 1223.
136
Calculate the remainder when 2501 is divided by 63.
44
What is the remainder when 3277 is divided by 819?
1
What is the remainder when 104086 is divided by 26017?